 i + -483. Is t a composite number?
True
Let d(k) = -2*k + 4. Let g be d(-3). Suppose 2*a + g = 24. Is a a composite number?
False
Is 0 + (14095 - -6) - 8 composite?
True
Let d be 3 - (-5)/10*4. Let h(m) = 57*m**2 + 8*m - 26. Is h(d) prime?
True
Let j(o) = -5*o**3 - 4*o**2 - o. Let n(v) = 6*v**3 + 4*v**2 - 1. Let a(q) = -7*j(q) - 6*n(q). Let w be a(-6). Let f = w + -31. Is f a composite number?
False
Is 2*2/12*(-84 - -77685) composite?
False
Let y = 3801 + 3004. Is y composite?
True
Suppose 6 = -3*t + 5*t. Suppose -25 = -t*c + 32. Is c a prime number?
True
Let d be (-1)/(((-4)/(-5))/(-4)). Suppose -1169 = -d*f + 1266. Is f prime?
True
Suppose -f = 11*i - 8*i - 1325, -3*f + i = -3955. Is f composite?
False
Let h(o) = o**2 - 15*o + 13. Let c be h(14). Let u = c - 0. Is (-30 - u)/((-3)/6) a composite number?
True
Let o(k) = 7*k**3 - 2*k**2 + 3*k - 2. Let h be (-1)/(-6 + 3 - -2). Is o(h) a prime number?
False
Is (-3 - -13) + (39 - -3613) composite?
True
Let g(y) = y**3 - 9*y**2 + 6*y - 29. Let t be (2/3)/(28/798). Is g(t) prime?
False
Suppose -14*x - 156 = -10*x. Let c = x - -90. Is c a composite number?
True
Is 6710 - (-3 + -2 + 4) a composite number?
True
Let i(w) = -4*w + 6. Let f be i(-4). Suppose 27*n - f*n - 4835 = 0. Suppose -3118 = -9*l - n. Is l prime?
True
Suppose -12*c + 16*c - 596 = 0. Is c a composite number?
False
Let n be -1 - 15/(-5) - -257. Suppose -i - 44 = -4*f - n, -900 = -4*i - 4*f. Is i prime?
True
Let j = 21 - -70. Is j composite?
True
Let b(l) = -3*l**3 - l**2 + 4*l - 8. Let w be b(-6). Suppose 36*i - 32*i = w. Is i prime?
False
Suppose -2*y + 8576 = 7*j - 10*j, 3*y - 5*j = 12863. Is y a prime number?
False
Suppose -2*d + 20 = 3*p + p, -4*d = -3*p + 4. Let b(q) = -4*q + 18*q - 8 - 4*q + 5*q**d. Is b(-11) a composite number?
False
Let a = 730 - 425. Let x = a + -174. Is x a prime number?
True
Let j be 427/(-35) - (-1)/5. Let a be (17 + j)/((-2)/(-134)). Suppose q + 2*d - a = 0, -d = 3*q + 4*d - 1006. Is q prime?
True
Suppose 0 = -37*a - 110498 + 814645. Is a composite?
False
Let o = 294 - -1092. Is (-1 - 2)/3 + o a prime number?
False
Suppose 1852 - 8565 = -7*u. Is u a prime number?
False
Let j = -3 - -14. Suppose -71 + 17 = -18*y. Let l = y + j. Is l a prime number?
False
Let f = 15 - 13. Suppose 3*w + 5*r + 62 = -0*w, 3*w = -f*r - 50. Let t = 5 - w. Is t prime?
True
Suppose -3*q + 668 + 8457 = -2*m, 0 = -m + 2. Is q a composite number?
True
Let k(d) = -d**3 + 5*d**2 - 3*d. Let g be k(5). Let u = 5 - 7. Let l = u - g. Is l a composite number?
False
Let b(n) = -n**3 - 10*n**2 - 16*n + 15. Let f be b(-12). Suppose 4*r - f = -r. Is 27/(-9) - (-1 - r) a composite number?
False
Let k(i) = -2*i. Let q be k(-1). Suppose 16 = 2*t - 6*t, q*a - 3*t - 1714 = 0. Is a prime?
False
Let i(b) = 2*b**3 - 6*b**2 + 40*b - 43. Is i(26) prime?
False
Suppose -2*p - 3084 = 4*p. Let b = p - -1367. Is b prime?
True
Suppose -4*a + 3 = -33. Let b be (-2)/a + 13583/9. Suppose 0 = -3*h - 2*m + b, 3*h + 5*m = 1260 + 249. Is h a composite number?
False
Let i be (-21)/2*((3 - 7) + -2). Is i/84 - (-5506)/8 composite?
True
Let c(s) = -s - 3. Let u be c(-9). Suppose 5*h - u*h = -379. Is h composite?
False
Is ((-92815)/57)/((-2)/6) a composite number?
True
Suppose -5*h - 65211 + 2999 = -3*f, 2*f - 5*h - 41483 = 0. Suppose -8*g - 5953 = -f. Is g composite?
False
Let g(p) = 9 - 24*p - 13 + 91*p + 40. Is g(13) prime?
True
Let z(r) = -5*r**3 - 10*r**2 - 3*r + 3. Let g(x) = -15*x**3 - 29*x**2 - 8*x + 9. Let y(f) = -6*g(f) + 17*z(f). Is y(3) prime?
False
Suppose 0 = 2*h + 1815 + 5255. Let b = -1641 - h. Is b composite?
True
Let c(t) be the second derivative of t**3/6 + 5*t**2 + t. Let u be c(-7). Suppose -4*o + u*o = -3*w + 769, 524 = 2*w + 5*o. Is w a prime number?
True
Let r(d) = -d - 2. Let b be r(-3). Let h be -6 + 4 + b - -17. Suppose -3*g = a - 2270, -4 - h = -4*a. Is g prime?
False
Let f(y) = y**2 - 2*y - 5. Let b be f(4). Suppose j - 6*j = 5*m - 6225, 4*m + 3763 = b*j. Is j composite?
False
Suppose 5*f - 5*l = 7715, f - 2*l = -7*l + 1543. Is f a composite number?
False
Suppose 3 - 21 = -2*k. Suppose 0 = 4*o - 0*h - 3*h + k, 0 = 5*o + 2*h - 6. Suppose 0*t - 4*t + 596 = o. Is t prime?
True
Let l = 92 - 46. Let p = l - -33. Is p a composite number?
False
Let m = -51 + 53. Is 108/2 - m/(-5 + 3) composite?
True
Let q(c) = -320*c + 6. Let f be q(-10). Is f/8 + (-14)/(-56) prime?
True
Let c = 756 - 497. Is c a prime number?
False
Let c(o) = 5*o**2 + 10*o + 7. Let a(j) = -4 - 8 + j**2 + 6 + 12*j + j**2. Let s be a(-6). Is c(s) a composite number?
False
Let i(c) be the second derivative of -887*c**3/6 + 8*c. Is i(-1) a composite number?
False
Let k(q) = 214*q**2 - q - 1. Let w be k(-2). Suppose c - 540 = w. Is c a prime number?
False
Suppose -5*x + 658 = 2028. Is 2/(-3) + x*(-35)/30 prime?
False
Let c = 1423 + -767. Suppose 458 + c = 2*y. Is y prime?
True
Let l = -26 + 39. Let w = 244 + l. Is w prime?
True
Is 2 - (-4581 - (1 + -1)) a prime number?
True
Suppose 23*c = 26*c - 18591. Is c composite?
False
Let r be -3*(160/(-15))/2. Suppose 21*z - r*z - 9115 = 0. Is z prime?
True
Let w = -2118 + 2749. Is w a prime number?
True
Let v(n) = n**2 - 9*n + 18. Let a be v(8). Is (8/a)/(8/3820) - 3 composite?
False
Is (-2094 + (-2 - -1))*(-49)/49 composite?
True
Let c = 46720 + -5075. Is c a prime number?
False
Suppose 2*y - 10325 = y - 4*p, -5*p - 10298 = -y. Is y composite?
False
Let k(p) be the third derivative of -23*p**4/24 - 8*p**3/3 + 21*p**2. Is k(-9) a composite number?
False
Suppose 0 = -7*b + 13*b - 60. Suppose b*z - 6430 = -1400. Is z composite?
False
Let u(a) = a**3 - 4*a**2 - 2. Suppose -k + 2 = -2*g - 7, 3*g = -2*k - 24. Let h = 11 + g. Is u(h) prime?
True
Suppose -290 = -4*s + 2*k, 2*s + 3*k - 357 = -3*s. Suppose 951 = 3*d + s. Is d a composite number?
False
Suppose -15*v = -20*v. Let k = -19 + 22. Suppose v = -5*n - k*i + 3770, 4*n + 3*i = -i + 3024. Is n a prime number?
True
Let p = 42071 + -9898. Is p prime?
True
Let j(l) = 623*l + 39. Is j(16) a composite number?
False
Suppose -4*l = -l - 111. Let o = l + 104. Is o a prime number?
False
Let p(v) = 3*v + 1. Let i be p(1). Let w(z) = -z**3 + 4*z**2 + z - 4. Let b be w(i). Suppose a - 17 = -3*m, a - 2*m + 8 + 0 = b. Is a a prime number?
True
Let z(j) = 2*j**2 + j. Let d be z(-3). Is (55/d)/((-2)/(-18)) composite?
True
Let k(z) = 3*z**3 - 2*z**2 - 7*z - 3. Let s(r) = -r**3 + r**2 + r. Let g(f) = -k(f) - 2*s(f). Let y be g(-3). Let n = y + 8. Is n prime?
True
Let w(x) = x**2 + 9*x - 6. Let m be 9/(-12) - (-3)/(-12). Let h(k) = -k**2 + k + 1. Let l(n) = m*h(n) + w(n). Is l(-12) a prime number?
False
Let p(o) = 76*o**2 - 3*o + 1. Let k(v) = -77*v**2 + 2*v - 1. Let g(m) = 6*k(m) + 7*p(m). Is g(-4) prime?
False
Let o = -177 + 1110. Suppose 0 = -2*x + 5*h + 2665, o = 3*x - h - 3097. Is x a composite number?
True
Is (12249/33 - 0) + (-26)/143 prime?
False
Suppose 0 = 4*o - 203 - 3305. Is o composite?
False
Let k be 3/(-1) + (-74 + 3)*231. Is k/(-8) + 1/6*3 prime?
False
Let r(l) = 11*l**2 + 4*l + 10. Let o be r(-4). Let q = o - -239. Is q a prime number?
True
Suppose -3*b + 3*a = 339, b = 4*a + a - 133. Let y = 197 + b. Is y a prime number?
True
Let m(o) = 74*o - 3. Let p(k) = -223*k + 8. Let x(h) = 8*m(h) + 3*p(h). Let g = 644 + -645. Is x(g) a composite number?
True
Suppose 5*i = -2784 + 8404. Let c = i - 559. Suppose -2*b + c = 3*b. Is b composite?
False
Let k(u) = 2*u - 4. Let p be k(10). Suppose 0 = -5*n + p + 314. Let w = 119 - n. Is w a composite number?
False
Let u be (12/14)/(2/14). Let n = -149 - -153. Is (254/n)/(3/u) prime?
True
Let q(b) = 2*b**2 - 8*b - 4. Let v be q(5). Suppose -190 - v = -4*s. Is s a prime number?
False
Let j(c) = 444*c**2 + 3*c + 4. Let h be (1 - -1)/(16/(-8)). Is j(h) a prime number?
False
Let f(a) = a**3 + 30*a**2 + 33*a - 87. Is f(-26) prime?
True
Let k be 6 + -6 + 3 - 2. Is (-2)/k - 3493/(-7) composite?
True
Is 356/(-267) + 24103/3 prime?
False
Suppose -1093 - 1822 = -5*r. Suppose 4*o = -0*o + 1352. Suppose -3*b + r = -o. Is b a composite number?
False
Let f = 127 + 2671. Is f composite?
True
Suppose 4*t + 3*p - 16 = 0, p = t + 2*p - 4. Suppose 4*a - 2*y - 759 = 3*y, -4*a - t*y = -768. Is a prime?
True
Let l = -14 - -8. Let v(t) = -17*t + 32. Is v(l) prime?
False
Let t = 344 + 3